{"id":258,"date":"2012-08-14T14:55:39","date_gmt":"2012-08-14T13:55:39","guid":{"rendered":"http:\/\/celje1.skavt.net\/bokss\/?page_id=258"},"modified":"2012-08-14T14:55:39","modified_gmt":"2012-08-14T13:55:39","slug":"nasa-rutka","status":"publish","type":"page","link":"http:\/\/celje1.skavt.net\/bokss\/?page_id=258","title":{"rendered":"Na\u0161a rutka"},"content":{"rendered":"<p><a href=\"http:\/\/celje1.skavt.net\/bokss\/wp-content\/uploads\/2012\/08\/rce1.gif\"><img loading=\"lazy\" class=\"alignleft size-full wp-image-259\" title=\"rce1\" src=\"http:\/\/celje1.skavt.net\/bokss\/wp-content\/uploads\/2012\/08\/rce1.gif\" alt=\"\" width=\"78\" height=\"227\" \/><\/a>Rutka ima\u00a0<em><strong>modro\u00a0<\/strong><\/em>podlago in\u00a0<em><strong>zlato\u00a0<\/strong><\/em>obrobo. Od ostalih rutk se razlikujemo \u0161e po treh \u0161estkrakih zvezdah zlate barve (so tudi na slovenskem grbu). Grb modre podlage, na kateri so zlate zvezdice, so za\u010deli uporabljati Celjski grofje in je \u0161e danes grb na\u0161ega mesta. Tri zvezde nas opozarjajo na tri skavtske kreposti.<\/p>\n<div>\n<div><\/div>\n<\/div>\n","protected":false},"excerpt":{"rendered":"<p>Rutka ima\u00a0modro\u00a0podlago in\u00a0zlato\u00a0obrobo. Od ostalih rutk se razlikujemo \u0161e po treh \u0161estkrakih zvezdah zlate barve (so tudi na slovenskem grbu). Grb modre podlage, na kateri so zlate zvezdice, so za\u010deli uporabljati Celjski grofje in je \u0161e danes grb na\u0161ega mesta. &hellip; <a href=\"http:\/\/celje1.skavt.net\/bokss\/?page_id=258\">Continue reading <span class=\"meta-nav\">&rarr;<\/span><\/a><\/p>\n","protected":false},"author":1,"featured_media":0,"parent":0,"menu_order":0,"comment_status":"open","ping_status":"open","template":"","meta":[],"_links":{"self":[{"href":"http:\/\/celje1.skavt.net\/bokss\/index.php?rest_route=\/wp\/v2\/pages\/258"}],"collection":[{"href":"http:\/\/celje1.skavt.net\/bokss\/index.php?rest_route=\/wp\/v2\/pages"}],"about":[{"href":"http:\/\/celje1.skavt.net\/bokss\/index.php?rest_route=\/wp\/v2\/types\/page"}],"author":[{"embeddable":true,"href":"http:\/\/celje1.skavt.net\/bokss\/index.php?rest_route=\/wp\/v2\/users\/1"}],"replies":[{"embeddable":true,"href":"http:\/\/celje1.skavt.net\/bokss\/index.php?rest_route=%2Fwp%2Fv2%2Fcomments&post=258"}],"version-history":[{"count":2,"href":"http:\/\/celje1.skavt.net\/bokss\/index.php?rest_route=\/wp\/v2\/pages\/258\/revisions"}],"predecessor-version":[{"id":261,"href":"http:\/\/celje1.skavt.net\/bokss\/index.php?rest_route=\/wp\/v2\/pages\/258\/revisions\/261"}],"wp:attachment":[{"href":"http:\/\/celje1.skavt.net\/bokss\/index.php?rest_route=%2Fwp%2Fv2%2Fmedia&parent=258"}],"curies":[{"name":"wp","href":"https:\/\/api.w.org\/{rel}","templated":true}]}}